-21200
In base 5, what is 3 - 42242?
-42234
In base 15, what is -6 - 15bc?
-15c3
In base 15, what is 288 - 168?
120
In base 15, what is 5 - -25bb?
25c1
In base 8, what is -11553766 - 5?
-11553773
In base 2, what is 11 + 111011010001101?
111011010010000
In base 13, what is 4a + -1062?
-1015
In base 11, what is -1406 - -28?
-1389
In base 2, what is -100010011011100110 - 111?
-100010011011101101
In base 4, what is 22 - 113?
-31
In base 10, what is 202 - 14629?
-14427
In base 12, what is 0 - 1a5b?
-1a5b
In base 11, what is 1899 + 3?
18a1
In base 9, what is 831435 - 1?
831434
In base 8, what is -3561 + 5?
-3554
In base 15, what is b + -19c3?
-19b7
In base 3, what is 10 + 111210011?
111210021
In base 9, what is 0 + -532153?
-532153
In base 4, what is 1020221 + 3202?
1030023
In base 7, what is -14323351 - 4?
-14323355
In base 12, what is -a + -6048?
-6056
In base 11, what is -8080a + -7?
-80816
In base 4, what is -22033031 - 11?
-22033102
In base 9, what is 173380 - -3?
173383
In base 5, what is -3144 + 0?
-3144
In base 14, what is 243 + -d9?
148
In base 15, what is 7e - -652?
6d1
In base 5, what is -11 + 1224020?
1224004
In base 12, what is -17b35b + -1?
-17b360
In base 7, what is -4 - -116303?
116266
In base 4, what is 1012312121 - -1?
1012312122
In base 15, what is -c5b6e - 5?
-c5b74
In base 13, what is 3 + 3ac2?
3ac5
In base 2, what is 10010001101100000110 - -100?
10010001101100001010
In base 8, what is -6567 + -276?
-7065
In base 7, what is 13120162 + 3?
13120165
In base 3, what is -2 + -20220202022?
-20220202101
In base 7, what is 0 + -6562310?
-6562310
In base 12, what is -43b4 - -1b0?
-4204
In base 6, what is 204445 - -34?
204523
In base 7, what is 0 - -215246?
215246
In base 2, what is -1011110 - 1000101010?
-1010001000
In base 16, what is -4c12 - -2?
-4c10
In base 9, what is 2 + 13372?
13374
In base 11, what is 113 + 5548?
5660
In base 3, what is -2121010010 - 11?
-2121010021
In base 15, what is -aa33 - 4?
-aa37
In base 13, what is 2680 - -79?
2729
In base 11, what is 2 + -26552?
-26550
In base 14, what is -42920 + -1?
-42921
In base 5, what is -4 + 4?
0
In base 4, what is -11222 - -323033?
311211
In base 16, what is 3d41 - -29?
3d6a
In base 12, what is -17910 - -7?
-17905
In base 9, what is -54165 + -3?
-54168
In base 10, what is 7 + 3694?
3701
In base 11, what is -23560 - 4?
-23564
In base 9, what is 4 - 142444?
-142440
In base 15, what is -1814 - 1e?
-1833
In base 12, what is -2298a + 1?
-22989
In base 6, what is 112 + 2524?
3040
In base 5, what is 0 - 2211413?
-2211413
In base 7, what is -100132 - 66?
-100231
In base 9, what is -37623 - -6?
-37616
In base 5, what is -1 - 40402313?
-40402314
In base 13, what is -6579 - 3?
-657c
In base 5, what is 103 - 2232244?
-2232141
In base 11, what is -72a663 + -5?
-72a668
In base 10, what is 6 - -29129?
29135
In base 15, what is -3c69 + 17?
-3c52
In base 10, what is -31588 + 20?
-31568
In base 15, what is 2b14 + -11?
2b03
In base 7, what is 142642 - 5?
142634
In base 15, what is 5476 - -2?
5478
In base 11, what is a404 - 4?
a400
In base 8, what is 20017 - 23?
17774
In base 6, what is -13552434 + -1?
-13552435
In base 12, what is -3 + -2b125?
-2b128
In base 16, what is 4 + -120d?
-1209
In base 6, what is 34201 - -114?
34315
In base 9, what is -386234 - 7?
-386242
In base 13, what is -2 + 20a93?
20a91
In base 16, what is -5 + f30?
f2b
In base 15, what is 1b + -3ee7?
-3ecb
In base 15, what is 354 - 563?
-20e
In base 9, what is 13 + -5107?
-5084
In base 12, what is 15 + -676?
-661
In base 6, what is 5 + -1521544?
-1521535
In base 6, what is -22110 - 23?
-22133
In base 7, what is 25 - -1005?
1033
In base 12, what is -8a - -17b?
b1
In base 15, what is 0 - 4d7?
-4d7
In base 13, what is -1239 - 1?
-123a
In base 6, what is -105 - -144221?
144112
In base 14, what is b9369 + 7?
b9372
In base 6, what is 2135 - 2004?
131
In base 15, what is 1872b + 6?
18732
In base 2, what is 111101 - -111001000?
1000000101
In base 3, what is 201021010020 + 10?
201021010100
In base 7, what is -11213 + -56?
-11302
In base 4, what is 331300 - 10?
331230
In base 6, what is 32 + 102543?
103015
In base 11, what is -16 - -4855?
483a
In base 13, what is -5 - -7633?
762b
In base 12, what is -1 - -2ba7?
2ba6
In base 10, what is 4 - -205096?
205100
In base 13, what is 3a + 45b?
498
In base 3, what is -21201211 + -211?
-21202122
In base 8, what is -13122 + -1?
-13123
In base 13, what is 5 - 2015c?
-20157
In base 10, what is -4531 + 160?
-4371
In base 6, what is 430 + 451?
1321
In base 13, what is -17 + -b36?
-b50
In base 10, what is 250984 + 4?
250988
In base 12, what is -3 + -5614?
-5617
In base 3, what is 10 - -112001202?
112001212
In base 5, what is 120343 - -204?
121102
In base 16, what is 5 - -1f8fe?
1f903
In base 14, what is 2a55 + 2?
2a57
In base 15, what is -5 + -23300?
-23305
In base 8, what is 1172 - 0?
1172
In base 8, what is -1331 - -41?
-1270
In base 5, what is -400 - 12310?
-13210
In base 10, what is 5 - -182511?
182516
In base 9, what is -2 - -378846?
378844
In base 3, what is 1 - 20022020101?
-20022020100
In base 5, what is -321010 + -34?
-321044
In base 15, what is -408 - 7?
-410
In base 2, what is 100100100 - -11110101?
1000011001
In base 14, what is -25aca - -1?
-25ac9
In base 3, what is 1002 - -202120221?
202122000
In base 6, what is 1521044 - 2?
1521042
In base 8, what is 7561 - 2524?
5035
In base 3, what is -1101202 + 10?
-1101122
In base 11, what is -24 - 268?
-291
In base 7, what is 22663 - 0?
22663
In base 8, what is 2762062 + 0?
2762062
In base 16, what is -cd - 34?
-101
In base 10, what is -1940029 - 1?
-1940030
In base 4, what is 1210010 - 200?
1203210
In base 10, what is -22802 + 1?
-22801
In base 14, what is -1426697 + -3?
-142669a
In base 3, what is 1001 - 102212100?
-102211022
In base 3, what is -202121221 + -1222?
-202200220
In base 8, what is -1156663 - -1?
-1156662
In base 4, what is 3 - -221210230?
221210233
In base 15, what is 5 - 21633?
-2162d
In base 2, what is -10010001001001011101 + -10?
-10010001001001011111
In base 15, what is -39c36 - 5?
-39c3b
In base 5, what is 3 + 3344340?
3344343
In base 8, what is 63154 + 66?
63242
In base 8, what is 1 - -1262544?
1262545
In base 7, what is -113 + 10105?
6662
In base 14, what is -d50c + 4?
-d508
In base 4, what is 2123220311 + 0?
2123220311
In base 2, what is 11001000110101000 + 1001?
11001000110110001
In base 10, what is 28 - -4869?
4897
In base 12, what is 3 + -120b?
-1208
In base 16, what is -5 - -57e6d?
57e68
In base 6, what is 2534053 - -3?
2534100
In base 13, what is 101 + -24a3?
-23a2
In base 9, what is -217 - -1675?
1457
In base 12, what is -1 + 3297?
3296
In base 8, what is -1337 - 530?
-2067
In base 16, what is -5 - -82086?
82081
In base 5, what is 14 - 3141401?
-3141332
In base 12, what is -1 - -10a81?
10a80
In base 16, what is -85 + -193?
-218
In base 4, what is 20013 - -220?
20233
In base 2, what is 1011010001110111 - 1?
1011010001110110
In base 2, what is -101110101011001 + -100?
-101110101011101
In base 9, what is -13884162 - 4?
-13884166
In base 10, what is -268 + -337?
-605
In base 10, what is -13 - -2114?
2101
In base 6, what is -5 - 4500152?
-4500201
In base 16, what is -6b0e + 7?
-6b07
In base 5, what is -1 - -2042301?
2042300
In base 10, what is 24172 + -8?
24164
In base 9, what is 0 - 243837?
-243837
In base 2, what is 1 - 11000001100000111?
-11000001100000110
In base 4, what is 130330 + -222211?
-31221
In base 9, what is -217 - -2670?
2452
In base 13, what is -43 - 857a?
-85c0
In base 3, what is -10 + 11211012010?
11211012000
In base 14, what is -30d11 - 4?
-30d15
In base 14, what is 89 + 23c?
2c7
In base 2, what is 10010010011110100100 + -1000?
10010010011110011100
In base 7, what is 34304 + 15?
34322
In base 8, what is -6 - 110655?
-110663
In base 10, what is -1488 + 53?
-1435
In base 7, what is 5 - -224311?
224316
In base 15, what is 10d9 - 22?
10b7
In base 14, what is 694 - -5?
699
In base 4, what is -23 + -10330013?
-10330102
In base 9, what is -2 + 4883?
4881
In base 14, what is 76 - 15a1b?
-15985
In base 11, what is -43 - -6547?
6504
In base 9, what is 3 + 71004?
71007
In base 5, what is -1304 + -123434?
-130243
In base 6, what is 15 + -1243011?
-1242552
In base 14, what is 1a + 583?
59d
In base 5, what is 410322 + 13?
410